 v = -66 + 171. Suppose b - m - 16 = 0, b = -4*b - 3*m + 72. What is the highest common divisor of v and b?
15
Let a = 3 - 1. Suppose w + 2 = -a. Let n be w/(48/26 - 2). Calculate the highest common divisor of n and 13.
13
Let o(i) = 17*i - 9. Let g(n) = -n**3 + 6*n**2 + n - 5. Let b be g(6). Let x be 3 - b - 5/(-1). Let m be o(x). Calculate the highest common factor of 10 and m.
10
Suppose -5*z = -z - 72. What is the greatest common divisor of z and 6?
6
Suppose -5*u = -2*b + 4*b - 31, 5*u + 25 = 0. Calculate the greatest common factor of b and 280.
28
Let l be ((-381)/(-6))/(1/2). Let v = 27 + l. Suppose -c - 7*z = -2*z - 4, -2*c + 2*z + 32 = 0. Calculate the highest common divisor of v and c.
14
Let c = -78 + 109. What is the greatest common divisor of 31 and c?
31
Suppose 0 = -2*v + 13 + 53. What is the greatest common divisor of 66 and v?
33
Let r = 9 - 13. Let x be -2*(50/r + -1). Calculate the highest common factor of 3 and x.
3
Suppose -4*k + 120 = 5*p, -k - 6*p + 30 = -0*p. What is the highest common factor of k and 70?
10
Let f(u) = u**3 + 4*u**2 - 5*u + 3. Let o be f(-5). Suppose -o*b + 21 = -27. Let z = -21 + 29. Calculate the greatest common divisor of z and b.
8
Suppose -6 + 14 = 4*a + 3*h, 3*h = -a + 2. Suppose -4*o + 0*o = 2*v - 164, 0 = -4*v - a*o + 346. Let x = 160 - v. What is the greatest common factor of x and 9?
9
Let w(u) = u + 6. Let n be w(-6). Suppose n = -0*m - 4*m + 72. Suppose 4*f - 41 = 3*c - 2*c, 2*f + 2*c - m = 0. What is the greatest common factor of f and 50?
10
Let t be 2147/76 + (-3)/(-4). Calculate the highest common divisor of t and 145.
29
Let g(w) be the second derivative of -w**5/20 + w**4/3 + 2*w**3/3 + w**2/2 + w. Let q be g(5). Let u = q - -6. What is the highest common factor of u and 14?
2
Suppose -c - 5 = -29. Suppose -4*f + 2*f = -c. Calculate the greatest common factor of f and 12.
12
Let h = -65 + 95. Suppose -4*g + 15 = -5. Suppose -5*t = -g*q + 55, -3*t - 34 - 19 = -5*q. Calculate the greatest common divisor of q and h.
10
Suppose 0 = -2*b - 14 + 82. What is the greatest common divisor of b and 272?
34
Let a(x) = -x**3 - x**2 - 6*x + 5. Let l be a(-5). Calculate the highest common divisor of l and 15.
15
Let b = 55 - -23. Let k be 1/(1/b) - 1. Let u = 23 - 16. What is the greatest common divisor of k and u?
7
Let x be 10 - 8 - (-1 - 3). Suppose 45 = x*l - 15. Calculate the highest common divisor of l and 5.
5
Let y(w) = -12*w - 9. Let n be y(-9). Calculate the greatest common divisor of n and 11.
11
Suppose -3*f + 3*v = -3, f + 3*v = -4*f + 13. Suppose 3*r = r + f. Calculate the highest common factor of 5 and r.
1
Suppose 0 = 2*h + 54 - 60. Calculate the greatest common factor of 24 and h.
3
Let z = 37 + -20. Calculate the highest common factor of 119 and z.
17
Let q = 45 - -32. What is the greatest common factor of q and 11?
11
Suppose -h - 5*j + 21 = h, 0 = h - 4*j + 22. Let m(a) = -5*a + 2. Let t be m(h). Let v = -44 + 128. Calculate the highest common factor of t and v.
12
Let j(f) = 7*f**2 - 5*f. Let w be j(4). Let b be (-4)/10 - w/(-5). What is the highest common divisor of b and 45?
9
Suppose 17*r + 32 = 19*r. Calculate the highest common divisor of 160 and r.
16
Let d(w) = -2*w + 5. Let l be d(3). Let x(o) = -10*o**3 + 3*o**2 + 3*o + 1. Let n be x(l). What is the highest common factor of 11 and n?
11
Suppose -770 = 141*l - 146*l. Let h(y) = y**2 - y + 2. Let j be h(5). Calculate the highest common divisor of l and j.
22
Suppose 4*v = 2*x - 7 - 29, 5*v + 2*x + 27 = 0. Let s = -2 - v. Calculate the highest common factor of 45 and s.
5
Let i = -28 - -14. Let h be (-206)/i - 12/(-42). What is the greatest common factor of h and 60?
15
Let h = 12 + -6. What is the greatest common divisor of 3 and h?
3
Let d(o) = -93*o**3 - 1. Let z be d(-1). Suppose -342 = q - 5*q - 5*v, 2*v = q - z. Calculate the highest common factor of 11 and q.
11
Let z = -11 - -18. Suppose 0*u + 56 = 4*u. Let q = u + 21. Calculate the greatest common factor of q and z.
7
Let l(w) be the second derivative of -4*w**3/3 - w**2 - 3*w. Let m be l(-2). What is the greatest common factor of m and 84?
14
Let j be 1293/12 + 1/4. Suppose 0 = 5*c - j - 52. Calculate the greatest common divisor of c and 48.
16
Let a be (-2)/(-18)*15*6. What is the greatest common factor of 20 and a?
10
Suppose 2 - 42 = -4*m + 2*q, 0 = -4*m - q + 40. Suppose 0 = f + 2*f - 12. What is the greatest common divisor of m and f?
2
Let k(p) = 2*p**2 + 3*p + 3. Let r be k(3). What is the greatest common factor of r and 20?
10
Let m(x) = -x**3 + 6*x**2 + x + 3. Let c be m(6). What is the greatest common factor of 36 and c?
9
Suppose 17 = 10*j - 53. Calculate the greatest common divisor of 14 and j.
7
Let c = -16 + 313. What is the highest common divisor of c and 27?
27
Let t be 1/(-1*2/(-10)). Let g(a) = 2*a**3 - 3*a**2 + 2*a + 7. Let y be g(3). What is the highest common divisor of y and t?
5
Let f be 0 + -2*(-46)/4. Let h = 678 + -425. What is the greatest common factor of f and h?
23
Suppose 4*o + i - 3*i = 46, 0 = 5*o - 2*i - 58. Let u = 6 + -16. Let c be (-4)/5*u/4. Calculate the highest common factor of o and c.
2
Let y be (4 + -2)/((-1)/(-2)). Suppose h + 66 = y*h. Calculate the greatest common divisor of h and 11.
11
Suppose 4*c - 64 = 160. What is the greatest common divisor of c and 7?
7
Suppose -3*o + 314 = 122. What is the highest common divisor of o and 8?
8
Let w be -3*4/12*-143. What is the highest common divisor of w and 13?
13
Let y(g) = 20*g**2 + g - 3. Let d be y(-3). Suppose 46 = -4*s + d. Calculate the greatest common factor of 48 and s.
16
Let p(y) = y**2 - 8*y + 14. Let v be p(6). Suppose 2*n - v*h + 8 - 32 = 0, -5*h = 0. Calculate the highest common factor of n and 8.
4
Suppose 0*j + 12 = j. Let r(x) = 5*x - 2. Let h be r(1). Suppose -h*z - 274 - 107 = -3*l, 5 = z. Calculate the greatest common divisor of j and l.
12
Suppose -487 = 5*k - 3*y, 0 = -k - 2*y + 3*y - 97. Let s be (2 + -1)*1 - k. Calculate the highest common factor of 11 and s.
11
Suppose -5*o + 76 = -34. Calculate the greatest common divisor of o and 11.
11
Let k(l) = -2*l**2 - 7*l + 2. Let c be k(-2). Calculate the highest common divisor of c and 1.
1
Let b = 11 - 12. Let k be b - (3 + -3) - -97. Calculate the greatest common divisor of 12 and k.
12
Let h be (-7 - -27)*(-1)/(-2). Suppose l = -l + h. What is the highest common factor of l and 2?
1
Suppose 4*s = 1340 - 428. Calculate the highest common factor of s and 12.
12
Let q = 7 - 4. Let h = 3 + q. Let w(i) = -i**2 + 9*i - 12. Let k be w(7). What is the greatest common divisor of k and h?
2
Suppose -4*s - 6 = -s. Let x = 0 - s. Let u be (x/(-4))/((-2)/24). What is the greatest common divisor of u and 24?
6
Let f = -11 - -35. Suppose -2*l - 4*g = 17 - 137, 0 = l + 5*g - 60. What is the greatest common factor of f and l?
12
Suppose t + 44 = 5*t. What is the greatest common factor of t and 11?
11
Let h = 109 + -78. Calculate the greatest common divisor of 248 and h.
31
Suppose 4*f - 8*f = 4*c + 8, -5*c - 3*f - 2 = 0. Suppose c*h - h - 3 = 0. Suppose 0 = g - 6. What is the highest common divisor of h and g?
3
Let x = -23 - -41. Suppose -v = 2*t + 3*v + 60, -2*v = 10. Let f = 182 + t. What is the highest common divisor of x and f?
18
Suppose 0 = 4*h - 16 - 8. Let o be 3 + (0 - h) - -20. Calculate the greatest common factor of 153 and o.
17
Let b(u) = -38*u + 29. Let z(l) = -13*l + 10. Let t(o) = 3*b(o) - 8*z(o). Let y be t(-5). Let i = y + -41. What is the greatest common divisor of 32 and i?
16
Let w(g) = g**3 - 2*g + 1. Let r be w(2). Let u = -66 - -71. Suppose -u*x + 60 = q, r*x - 45 = -0*q - 4*q. Calculate the greatest common factor of 117 and x.
13
Let s(l) = -3*l + 8*l + 3*l. Let n be s(1). Let a be 3 + (-11)/((-44)/36). What is the highest common factor of a and n?
4
Suppose 13 = -2*a - 45. Let m = 75 + a. Calculate the highest common factor of 23 and m.
23
Suppose 2*m + 10 = 0, 3*m = 4*b - 0*m - 411. What is the greatest common divisor of b and 11?
11
Let t be (2/(-1))/((-4)/58). Calculate the highest common divisor of t and 29.
29
Let f = -1 - 1. Let x be (f/6)/(1/(-147)). Let y(k) = k**2 + 2*k + 4. Let n be y(-3). Calculate the greatest common divisor of x and n.
7
Let s(h) = 31*h**2 + 2*h - 2. Let w be s